{"version":"1.0","provider_name":"Les Assises du droit du sport","provider_url":"https:\/\/www.droitdusport.com\/assises","title":"Les enjeux \u00e9conomiques du cyclisme professionnel","type":"rich","width":600,"height":338,"html":"<blockquote class=\"wp-embedded-content\" data-secret=\"4QzGFuf170\"><a href=\"https:\/\/www.droitdusport.com\/assises\/enjeux-economiques-cyclisme-pro\/\">Les enjeux \u00e9conomiques du cyclisme professionnel<\/a><\/blockquote><iframe sandbox=\"allow-scripts\" security=\"restricted\" src=\"https:\/\/www.droitdusport.com\/assises\/enjeux-economiques-cyclisme-pro\/embed\/#?secret=4QzGFuf170\" width=\"600\" height=\"338\" title=\"\u00ab\u00a0Les enjeux \u00e9conomiques du cyclisme professionnel\u00a0\u00bb &#8212; Les Assises du droit du sport\" data-secret=\"4QzGFuf170\" frameborder=\"0\" marginwidth=\"0\" marginheight=\"0\" scrolling=\"no\" class=\"wp-embedded-content\"><\/iframe><script type=\"text\/javascript\">\n\/* <![CDATA[ *\/\n\/*! This file is auto-generated *\/\n!function(d,l){\"use strict\";l.querySelector&&d.addEventListener&&\"undefined\"!=typeof URL&&(d.wp=d.wp||{},d.wp.receiveEmbedMessage||(d.wp.receiveEmbedMessage=function(e){var t=e.data;if((t||t.secret||t.message||t.value)&&!\/[^a-zA-Z0-9]\/.test(t.secret)){for(var s,r,n,a=l.querySelectorAll('iframe[data-secret=\"'+t.secret+'\"]'),o=l.querySelectorAll('blockquote[data-secret=\"'+t.secret+'\"]'),c=new RegExp(\"^https?:$\",\"i\"),i=0;i<o.length;i++)o[i].style.display=\"none\";for(i=0;i<a.length;i++)s=a[i],e.source===s.contentWindow&&(s.removeAttribute(\"style\"),\"height\"===t.message?(1e3<(r=parseInt(t.value,10))?r=1e3:~~r<200&&(r=200),s.height=r):\"link\"===t.message&&(r=new URL(s.getAttribute(\"src\")),n=new URL(t.value),c.test(n.protocol))&&n.host===r.host&&l.activeElement===s&&(d.top.location.href=t.value))}},d.addEventListener(\"message\",d.wp.receiveEmbedMessage,!1),l.addEventListener(\"DOMContentLoaded\",function(){for(var e,t,s=l.querySelectorAll(\"iframe.wp-embedded-content\"),r=0;r<s.length;r++)(t=(e=s[r]).getAttribute(\"data-secret\"))||(t=Math.random().toString(36).substring(2,12),e.src+=\"#?secret=\"+t,e.setAttribute(\"data-secret\",t)),e.contentWindow.postMessage({message:\"ready\",secret:t},\"*\")},!1)))}(window,document);\n\/\/# sourceURL=https:\/\/www.droitdusport.com\/assises\/wp-includes\/js\/wp-embed.min.js\n\/* ]]> *\/\n<\/script>\n","thumbnail_url":"https:\/\/www.droitdusport.com\/assises\/wp-content\/uploads\/2026\/04\/AP-Cyclisme-pro-illu-Mobile.webp","thumbnail_width":1920,"thumbnail_height":1280,"description":"Le cyclisme professionnel a un \u00e9cosyst\u00e8me \u00e9conomique complexe, marqu\u00e9 par des \u00e9quilibres fragiles et des mod\u00e8les en constante \u00e9volution. Entre d\u00e9pendance aux sponsors, in\u00e9galit\u00e9s entre \u00e9quipes, incertitudes financi\u00e8res et concurrence internationale, la question de sa r\u00e9gulation \u00e9conomique se pose avec acuit\u00e9."}

Les enjeux économiques du cyclisme professionnel

<blockquote class="wp-embedded-content" data-secret="4QzGFuf170"><a href="https://www.droitdusport.com/assises/enjeux-economiques-cyclisme-pro/">Les enjeux économiques du cyclisme professionnel</a></blockquote><iframe sandbox="allow-scripts" security="restricted" src="https://www.droitdusport.com/assises/enjeux-economiques-cyclisme-pro/embed/#?secret=4QzGFuf170" width="600" height="338" title="« Les enjeux économiques du cyclisme professionnel » &#8212; Les Assises du droit du sport" data-secret="4QzGFuf170" frameborder="0" marginwidth="0" marginheight="0" scrolling="no" class="wp-embedded-content"></iframe><script type="text/javascript">
/* <![CDATA[ */
/*! This file is auto-generated */
!function(d,l){"use strict";l.querySelector&&d.addEventListener&&"undefined"!=typeof URL&&(d.wp=d.wp||{},d.wp.receiveEmbedMessage||(d.wp.receiveEmbedMessage=function(e){var t=e.data;if((t||t.secret||t.message||t.value)&&!/[^a-zA-Z0-9]/.test(t.secret)){for(var s,r,n,a=l.querySelectorAll('iframe[data-secret="'+t.secret+'"]'),o=l.querySelectorAll('blockquote[data-secret="'+t.secret+'"]'),c=new RegExp("^https?:$","i"),i=0;i<o.length;i++)o[i].style.display="none";for(i=0;i<a.length;i++)s=a[i],e.source===s.contentWindow&&(s.removeAttribute("style"),"height"===t.message?(1e3<(r=parseInt(t.value,10))?r=1e3:~~r<200&&(r=200),s.height=r):"link"===t.message&&(r=new URL(s.getAttribute("src")),n=new URL(t.value),c.test(n.protocol))&&n.host===r.host&&l.activeElement===s&&(d.top.location.href=t.value))}},d.addEventListener("message",d.wp.receiveEmbedMessage,!1),l.addEventListener("DOMContentLoaded",function(){for(var e,t,s=l.querySelectorAll("iframe.wp-embedded-content"),r=0;r<s.length;r++)(t=(e=s[r]).getAttribute("data-secret"))||(t=Math.random().toString(36).substring(2,12),e.src+="#?secret="+t,e.setAttribute("data-secret",t)),e.contentWindow.postMessage({message:"ready",secret:t},"*")},!1)))}(window,document);
//# sourceURL=https://www.droitdusport.com/assises/wp-includes/js/wp-embed.min.js
/* ]]> */
</script>

Le cyclisme professionnel a un écosystème économique complexe, marqué par des équilibres fragiles et des modèles en constante évolution. Entre dépendance aux sponsors, inégalités entre équipes, incertitudes financières et concurrence internationale, la question de sa régulation économique se pose avec acuité.
